 9*p - 11 - 1. Suppose 18*k - 1052 = -854. What is f(k)?
8
Let c(t) be the second derivative of -t**5/20 + 5*t**4/12 + 2*t**3/3 + 10682*t. Suppose -5*j = -2*k - 15, -4*j - 3*k = k - 40. What is c(j)?
20
Let o(c) = 2*c - 35. Suppose 5*b - 4*p - 21 = 59, -125 = -5*b - 5*p. What is o(b)?
5
Let q be (5/(-3)*1)/((-1)/3). Suppose 0 = -10*v + 3*v + 49. Suppose -v*j + q*j + 20 = 0. Let d(k) = -k**3 + 10*k**2 - 7. Give d(j).
-7
Let o(r) = -r**3 - 7*r**2 - 3*r - 9. Let b(h) = h**3 - 11*h**2 - h + 18. Let k be b(11). Suppose -3*z - 27 = -3*q, 3*q = 4*z + 41 - k. Give o(z).
12
Suppose 2*r = -3*m + 10, 2*r + 15 = 5*m + 7*r. Let a(x) be the first derivative of m*x - 3*x**2 + 4*x**2 + 0 + 22. What is a(3)?
10
Suppose 32 = 4*n + a, 2*n + 3*a - 10 - 6 = 0. Let l(y) be the third derivative of 0*y - 1/60*y**5 - 7/6*y**3 + 3/8*y**4 + 24*y**2 + 0. Give l(n).
1
Let r = -124 + 119. Let p(m) be the second derivative of -m**6/360 - m**5/60 - 8*m**3/3 - 6*m. Let a(c) be the second derivative of p(c). Give a(r).
-15
Suppose 4*z = 2*u - 95 - 75, u - 100 = 5*z. Suppose 0 = u*s - 80*s + 35. Let r(n) = n**3 - 8*n**2 + 6*n + 5. What is r(s)?
-2
Suppose -12275*f + 12263*f = -24. Let v(x) = x**2 + x + 1. Give v(f).
7
Let r(m) = 3*m - 5. Suppose -5*d - 81 + 46 = 0. Let s(q) = -5*q + 10. Let p(f) = d*r(f) - 4*s(f). What is p(-7)?
2
Let u(l) = 6*l - 805. Let s(r) = r + 59. Let c(o) = 5*s(o) + u(o). Calculate c(46).
-4
Suppose 5*a - 3*c = 36, -4*a + 27 = -2*a + 3*c. Let j(b) = 11 + 2 - 2*b + 0 - a*b + 9*b. What is j(5)?
3
Let m(o) be the third derivative of o**5/60 + 7*o**4/8 + 53*o**3/6 + o**2 + 1682. Calculate m(-6).
-37
Let t(u) = -u**3 + 21*u**2 + 7*u - 156. Let h be (-6)/(-16) - (-31350)/1520. Give t(h).
-9
Suppose 0 = -u - 5*f - 39, -3119 = 2*u - 2*f - 3125. Let j(i) = -12*i - 20. Determine j(u).
28
Suppose 5255 - 1755 = 250*a. Let v(o) = -o**2 + 13*o + 32. Calculate v(a).
18
Let l(c) = -c + 40. Let t be l(0). Let a(o) = 78*o - 41*o + 7 - t*o. Let d = -198 + 204. What is a(d)?
-11
Let q(u) = 5*u**2 + 4*u + 3. Let m = -254 + 251. Let w(o) be the second derivative of o**4/3 + 5*o**3/6 + 2*o**2 + o. Let h(g) = m*q(g) + 2*w(g). Give h(-1).
-6
Let h(r) = r**3 + 4*r**2 - 2*r - 5. Let n = 2549 - 2553. Determine h(n).
3
Let u(q) = -q**2 - 116*q - 765. Let t be u(-109). Let z(p) = -6*p - 2. Let o(n) = -3*n - 1. Let a(i) = 11*o(i) - 6*z(i). Determine a(t).
-5
Let o be 56/(-6) - 3/(-9). Let i be -2*o/12*2. Let l(a) = 4 - 5 - 2*a + 2*a**2 - 4*a**2 + a**3. Give l(i).
2
Suppose 4*g - 13*t + 9*t - 24 = 0, 0 = -2*t - 10. Let x(a) = 11*a**3 + 4*a**2 - 6*a. Calculate x(g).
9
Let r(j) be the third derivative of -9*j**6/40 + j**5/20 + j**4/6 - 5*j**3/6 - 25*j**2 - 22*j - 2. Determine r(1).
-25
Let l be (-14)/49 + 290/35. Suppose -14*v = -18*v - l. Let o(c) = -c**3 - c**2 - 3*c - 3. What is o(v)?
7
Let i(o) be the first derivative of o**3/3 - 31*o**2/2 + 226*o + 1966. Determine i(19).
-2
Suppose 0*c = 2*c - 3*c. Suppose g + 4*r - 10 = -r, 5*r - 20 = c. Let k(l) = -l**2 - 12*l - 5. Calculate k(g).
15
Let x = -240 - -236. Let c(w) = 30*w**2 + 81*w - 107. Let z(r) = 11*r**2 + 27*r - 36. Let o(v) = x*c(v) + 11*z(v). Determine o(26).
6
Let h = 32 + -59. Let r = h + 32. Let d(k) = 3. Let l(v) = -v - 4. Let n(y) = -3*d(y) - 2*l(y). Determine n(r).
9
Let p(s) = 10*s + 20. Let u = 4290 + -4298. Give p(u).
-60
Let r(z) = -7*z**2 - 31*z + 5. Let k(y) = -41*y**2 - 154*y + 25. Let n(l) = -2*k(l) + 11*r(l). Determine n(7).
19
Let b(w) = 80*w + 94. Let p(j) = -72*j - 90. Let o(n) = -5*b(n) - 6*p(n). Give o(-2).
6
Let q(h) = -3 + 10*h + 87*h**2 - 74*h**2 + 5*h**3 - 4*h**3 + 12*h. Determine q(-11).
-3
Let m(z) = z + 9. Let x be (-2)/7 - (-351)/(-21). Let k = 20 + x. Suppose 6*h = k*h. Calculate m(h).
9
Let n(x) = 1 - 1064*x + 398*x + 374*x + 359*x. Determine n(1).
68
Suppose 52*y - 56*y + 32 = 0. Let u(o) be the second derivative of o**4/12 - 3*o**3/2 + 11*o**2/2 + 9*o - 9. Calculate u(y).
3
Suppose -31 - 11 = 3*i. Let f be 2*(-7)/i + -3. Let b(g) = 6*g - 4. What is b(f)?
-16
Let x(z) = z**3 + 3*z**2 + z + 6. Let s be x(-3). Let i(a) = 9 - 2*a**2 + a**s - 8 + 0*a**3. Let k = -1 + 3. Give i(k).
1
Let f(s) be the first derivative of s**5/60 - s**4/8 - s**2 + 2. Let b(n) be the second derivative of f(n). Suppose 3681*t = 3678*t + 6. Calculate b(t).
-2
Let w(k) = -4*k + 21*k**3 + 8*k**2 + 61 - 32*k - 20*k**3 - 194 + 86. What is w(-11)?
-14
Let j = 42 - 46. Let z(h) = 5*h**2 + 3*h + 2. Let q(p) = -p - 7 - 11*p**2 - 5 + 8 - 6*p. Let t(g) = -6*q(g) - 13*z(g). Give t(j).
2
Let r = 94 + -95. Let a(o) = 4*o**2 + 6*o - 2. Suppose -7 = 2*n + 2*v + v, -v + 26 = -5*n. Let b(t) = -t**2. Let h(u) = n*b(u) + r*a(u). Determine h(5).
-3
Suppose 10*k - 3*k + 387 - 366 = 0. Let f(r) = -8*r**2 - 5*r. What is f(k)?
-57
Let y(i) be the first derivative of i**4 - i**3 + 5*i**2/2 - 3*i - 2070. Determine y(3).
93
Let r(f) = -f**2 - 5*f + 8. Let m = -225 + 233. Suppose -2*y + i = 21, 6*i - 30 = 5*y + m*i. Calculate r(y).
-16
Let y(d) = 2*d**3 + 4*d**2 + 3*d. Let x(q) be the second derivative of q**5/20 + 5*q**4/12 + 2*q**3/3 + q - 49. Let r(o) = -3*x(o) + 4*y(o). Give r(1).
6
Let r(j) be the second derivative of 81*j - 3*j**2 + 0 - 1/20*j**5 + 1/3*j**4 - 1/6*j**3. Give r(3).
0
Let t be (-77)/(-5) + 2/(-5). Suppose 3*c + 2*z + t = 0, -3*c - 24 = 6*z - z. Let h(d) = -d - 3. Calculate h(c).
0
Let t(v) = -v - 6. Suppose -7 - 8 = -5*l. Suppose r = -4*r + 5*h - 15, -l*r = 2*h - 16. Suppose 0 = -5*n + 5*k - 50, -3*k = -5*n - r - 48. Calculate t(n).
4
Let w(f) be the third derivative of 1/6*f**3 - 1/60*f**5 - 7*f**2 + 1/8*f**4 - 2 + 0*f. Calculate w(4).
-3
Let t(x) = x**2 - 7*x + 10. Suppose 0 = -5*p - 10, v - 4*v + 28 = -5*p. Let j be t(v). Let c(b) = 4*b + b**3 + 6 - 2*b**3 - 3*b**2 - j. Give c(-3).
-10
Let j be (10/(-20))/((-69)/(-6) + -12) + 2. Let p(c) = -5 + 2 + 4 + 3*c. Determine p(j).
10
Let g = 85 - 81. Suppose -2*c + 12 = -g*f + 8*f, 3*c = -f + 13. Let r(m) = -m**3 + 4*m**2 - 7*m + 6. Give r(c).
-22
Let u(x) = x**2 - x - 6. Let r(t) be the second derivative of -7*t + 0 + 5*t**2 - 1/6*t**3. Let p be r(5). What is u(p)?
14
Let q = 2479 - 2478. Let l(c) = -17*c + 23. Calculate l(q).
6
Let i = 24831 - 24832. Let y(m) = 6*m**3 - 3*m**2 - 3*m - 1. What is y(i)?
-7
Let a(o) = -4*o - 574*o**2 + 575*o**2 - 5 - 4. Suppose 4*y = -2*l - 0*l + 48, -3*l - 3*y = -69. Suppose 0 = -3*c - b + l, -c = -4*b - b - 2. Give a(c).
12
Let w(y) = y**2 + 7*y + 17. Let i be (10 - 6)*28/(-16). Determine w(i).
17
Suppose -68 + 52 = 5*x + 4*n, -5*x - 3*n - 12 = 0. Let j(y) = -y**2 + y - 6. Let h(z) = -3*z**2 + 3*z - 18. Let l(t) = 3*h(t) - 8*j(t). Give l(x).
-6
Let o(k) = -3*k**2 - 31*k - 16. Let u be o(-10). Let b(t) = -9*t + 44. Give b(u).
98
Let m = 36 - 31. Suppose m = -6*o + 17. Let t(r) = -r - 270 - 273 + 545. What is t(o)?
0
Suppose -2 - 2 = 4*w. Let b be 2/(-5) + ((-1554)/30)/(-7). Let a(i) = -7*i - b*i + 17*i + 1 - i. What is a(w)?
-1
Let c(g) = -g - 1. Let z(l) = -171*l - 2. Let x be z(2). Let f = x - -336. What is c(f)?
7
Suppose 3*s = 6*s + 9. Let n(c) be the second derivative of c**5/30 + c**4/6 + 5*c**3/3 + 23*c. Let p(f) be the second derivative of n(f). Determine p(s).
-8
Let h(c) = 3*c + 17. Suppose 0 = -36*w + 32*w + 4. Let n(q) = -32*q + 23. Let r be n(w). Give h(r).
-10
Let g(c) = c**3 + 21*c**2 - 44*c + 36. Let i be ((-539)/21 - (-5)/2) + 6/36. Calculate g(i).
-10
Suppose -5*s - 2*w - 30 = 0, 2*s - 3*w - 9 = -40. Let m(r) = r**2 + 7*r - 9. Let n(x) = -3*x**2 - 21*x + 28. Let k(t) = -7*m(t) - 2*n(t). What is k(s)?
-1
Let c = 26262 - 315143/12. Let m(v) be the second derivative of -8*v + 4/3*v**3 + 0 - c*v**4 + 5*v**2. Determine m(7).
17
Suppose 5*n + 460 = b, -3*b + 296 = -4*n - 72. Let a = 88 + n. Let c(v) = -v - 4. Calculate c(a).
0
Let k(t) = 31*t - 4. Suppose -5 = -9*w + 4. Determine k(w).
27
Let i(h) = -10823*h + 1574*h**3 + 63 + 10825*h + h**2 - 1573*h**3. Give i(0).
63
Let b(s) be the second derivative of 5/4*s**4 + 0 + 77*s + 1/2*s**2 + 0*s**3. Suppose 15 = 6*v - 3*v, 2*x = 4*v - 22. Calculate b(x).
16
Suppose -991*g + 987*g + 12 = 4*o, -21 = -3*o - 5*g. Let k(x) = 5*x**2 - 3*x - 48. Give k(o).
6
Suppose 6*c = 2*c - 4. Let k(g) = 28*g + 519. Let r(b) = 247*b + 4498. Let o(u) = 26*k(u) - 3*r(u). Give o(c).
13
Let c(v) = 12*v - 823. Let 